ainder when 885 is divided by 12.
9
Calculate the remainder when 321 is divided by 161.
160
What is the remainder when 3857 is divided by 18?
5
Calculate the remainder when 445 is divided by 92.
77
Calculate the remainder when 87 is divided by 15.
12
Calculate the remainder when 3537 is divided by 30.
27
Calculate the remainder when 1897 is divided by 579.
160
Calculate the remainder when 865 is divided by 282.
19
What is the remainder when 160 is divided by 71?
18
What is the remainder when 213 is divided by 28?
17
Calculate the remainder when 3 is divided by 3.
0
What is the remainder when 13852 is divided by 163?
160
Calculate the remainder when 1745 is divided by 403.
133
Calculate the remainder when 545 is divided by 111.
101
Calculate the remainder when 499 is divided by 21.
16
What is the remainder when 951 is divided by 14?
13
What is the remainder when 273 is divided by 142?
131
Calculate the remainder when 924 is divided by 25.
24
Calculate the remainder when 126 is divided by 47.
32
Calculate the remainder when 10661 is divided by 22.
13
Calculate the remainder when 62 is divided by 38.
24
What is the remainder when 722 is divided by 141?
17
What is the remainder when 1003 is divided by 477?
49
What is the remainder when 176 is divided by 9?
5
Calculate the remainder when 215 is divided by 3.
2
What is the remainder when 110 is divided by 38?
34
What is the remainder when 394 is divided by 12?
10
What is the remainder when 1057 is divided by 179?
162
What is the remainder when 124 is divided by 9?
7
What is the remainder when 50 is divided by 3?
2
What is the remainder when 702 is divided by 22?
20
Calculate the remainder when 1273 is divided by 26.
25
Calculate the remainder when 2501 is divided by 66.
59
What is the remainder when 745 is divided by 135?
70
Calculate the remainder when 6759 is divided by 65.
64
Calculate the remainder when 1848 is divided by 230.
8
Calculate the remainder when 131 is divided by 29.
15
Calculate the remainder when 3596 is divided by 109.
108
Calculate the remainder when 189 is divided by 90.
9
What is the remainder when 806 is divided by 11?
3
What is the remainder when 4042 is divided by 449?
1
What is the remainder when 664 is divided by 293?
78
Calculate the remainder when 821 is divided by 189.
65
Calculate the remainder when 854 is divided by 177.
146
What is the remainder when 7417 is divided by 58?
51
What is the remainder when 2716 is divided by 672?
28
Calculate the remainder when 196 is divided by 33.
31
Calculate the remainder when 75 is divided by 38.
37
Calculate the remainder when 279 is divided by 51.
24
What is the remainder when 10603 is divided by 105?
103
Calculate the remainder when 13318 is divided by 148.
146
Calculate the remainder when 52 is divided by 15.
7
Calculate the remainder when 2108 is divided by 59.
43
What is the remainder when 23007 is divided by 4?
3
Calculate the remainder when 1495 is divided by 307.
267
What is the remainder when 2182 is divided by 109?
2
What is the remainder when 107 is divided by 66?
41
Calculate the remainder when 107 is divided by 89.
18
What is the remainder when 38 is divided by 19?
0
What is the remainder when 1182 is divided by 16?
14
Calculate the remainder when 109 is divided by 11.
10
Calculate the remainder when 1102 is divided by 361.
19
Calculate the remainder when 1462 is divided by 5.
2
Calculate the remainder when 181 is divided by 26.
25
What is the remainder when 191 is divided by 3?
2
What is the remainder when 293 is divided by 27?
23
Calculate the remainder when 3193 is divided by 34.
31
What is the remainder when 46 is divided by 17?
12
What is the remainder when 587 is divided by 63?
20
What is the remainder when 609 is divided by 102?
99
Calculate the remainder when 8082 is divided by 207.
9
Calculate the remainder when 817 is divided by 63.
61
What is the remainder when 274 is divided by 148?
126
What is the remainder when 875 is divided by 289?
8
Calculate the remainder when 208 is divided by 43.
36
What is the remainder when 2209 is divided by 78?
25
Calculate the remainder when 225 is divided by 125.
100
Calculate the remainder when 128 is divided by 13.
11
Calculate the remainder when 5697 is divided by 76.
73
Calculate the remainder when 49 is divided by 44.
5
Calculate the remainder when 62 is divided by 5.
2
Calculate the remainder when 2258 is divided by 17.
14
What is the remainder when 1955 is divided by 40?
35
Calculate the remainder when 1504 is divided by 58.
54
What is the remainder when 693 is divided by 203?
84
What is the remainder when 278 is divided by 48?
38
Calculate the remainder when 321 is divided by 12.
9
Calculate the remainder when 375 is divided by 6.
3
What is the remainder when 252 is divided by 32?
28
What is the remainder when 1846 is divided by 22?
20
What is the remainder when 246 is divided by 13?
12
What is the remainder when 1044 is divided by 35?
29
What is the remainder when 5791 is divided by 207?
202
Calculate the remainder when 282 is divided by 9.
3
Calculate the remainder when 2428 is divided by 346.
6
Calculate the remainder when 883 is divided by 26.
25
Calculate the remainder when 105 is divided by 39.
27
Calculate the remainder when 291 is divided by 16.
3
What is the remainder when 200 is divided by 71?
58
What is the remainder when 178 is divided by 49?
31
What is the remainder when 227 is divided by 50?
27
Calculate the remainder when 448 is divided by 172.
104
Calculate the remainder when 3363 is divided by 1120.
3
Calculate the remainder when 1658 is divided by 64.
58
What is the remainder when 178 is divided by 71?
36
What is the remainder when 4001 is divided by 45?
41
Calculate the remainder when 24 is divided by 4.
0
What is the remainder when 31 is divided by 14?
3
Calculate the remainder when 178 is divided by 49.
31
What is the remainder when 340 is divided by 19?
17
Calculate the remainder when 138 is divided by 29.
22
Calculate the remainder when 387 is divided by 51.
30
What is the remainder when 584 is divided by 98?
94
What is the remainder when 552 is divided by 144?
120
Calculate the remainder when 1798 is divided by 164.
158
What is the remainder when 740 is divided by 47?
35
Calculate the remainder when 340 is divided by 38.
36
Calculate the remainder when 1568 is divided by 194.
16
What is the remainder when 332 is divided by 112?
108
What is the remainder when 281 is divided by 136?
9
What is the remainder when 12771 is divided by 365?
361
What is the remainder when 223 is divided by 19?
14
Calculate the remainder when 141 is divided by 112.
29
What is the remainder when 2345 is divided by 586?
1
What is the remainder when 42 is divided by 10?
2
Calculate the remainder when 1451 is divided by 66.
65
Calculate the remainder when 296 is divided by 62.
48
What is the remainder when 114 is divided by 4?
2
What is the remainder when 559 is divided by 44?
31
What is the remainder when 146 is divided by 51?
44
Calculate the remainder when 9 is divided by 6.
3
Calculate the remainder when 12 is divided by 8.
4
Calculate the remainder when 379 is divided by 52.
15
What is the remainder when 595 is divided by 50?
45
Calculate the remainder when 2115 is divided by 4.
3
Calculate the remainder when 141 is divided by 16.
13
What is the remainder when 2447 is divided by 25?
22
Calculate the remainder when 352 is divided by 73.
60
What is the remainder when 278 is divided by 21?
5
Calculate the remainder when 1147 is divided by 378.
13
What is the remainder when 452 is divided by 77?
67
Calculate the remainder when 606 is divided by 36.
30
Calculate the remainder when 38 is divided by 15.
8
What is the remainder when 1066 is divided by 215?
206
Calculate the remainder when 101 is divided by 48.
5
Calculate the remainder when 158 is divided by 44.
26
What is the remainder when 541 is divided by 292?
249
Calculate the remainder when 4003 is divided by 15.
13
What is the remainder when 66 is divided by 32?
2
What is the remainder when 314 is divided by 15?
14
Calculate the remainder when 1987 is divided by 142.
141
What is the remainder when 691 is divided by 115?
1
Calculate the remainder when 126 is divided by 8.
6
What is the remainder when 7653 is divided 